-20
Evaluate (210 - 203) + (-1 - -3) + -15.
-6
Evaluate (1 - -19) + -2 + -7.
11
Evaluate (0 - 13 - (-58 - -48)) + -2.
-5
Evaluate 11 + -1 + -21 + 5 + 1 + 21.
16
Calculate 48 + -57 + (-9 - -27).
9
What is (-12 - -20) + -4 + 12?
16
Calculate 61 + -50 + (-1 - 12) + 7.
5
-13 + 44 - (1 - -27)
3
Evaluate -15 + -1 - (-18 - (-4 + -6)).
-8
Calculate -1 - (-20 + (-7 - 6 - -5 - -13)).
14
Calculate -5 - (-21 + 21) - (33 + (-1 - 3)).
-34
What is 25 + -11 + -33 - (0 - (-3 + -1))?
-23
What is 5 - -4 - (-1 + 11 - (-7 - 2))?
-10
What is -21 + 30 - 1 - (0 - -2) - 35?
-29
What is the value of -29 + 14 - (-5 + -18) - -19?
27
What is the value of -11 + (12 + 1 - (-110 - -106))?
6
What is -2 + (2 + 1 - -3) + 50 + -41?
13
What is 1 + -3 + (-217 - -219)?
0
Evaluate 42 + -43 - ((2 - (-2 - -3)) + 4).
-6
42 + (37 - 83) + 16
12
Evaluate 8 + 20 + -17 + 4 - 41.
-26
Evaluate 47 + -22 + (-17 - 37).
-29
(-1 - 1) + (-2 - 1) + 13
8
What is the value of -25 + 3 + -12 - -65?
31
What is the value of -2 - (-12 - (7 + -4 + -20))?
-7
What is 0 + (-3 - 4 - (-14 - -21))?
-14
Calculate -7 + (11 - -1) + -23 + 5.
-13
(-5 - -6) + (27 - 10)
18
What is -21 - (-14 + 8 + 18 - 23)?
-10
-95 + 103 + (3 - (-2 + 1))
12
Evaluate 18 + -2 - (9 - -13 - 20).
14
What is 8 - (1 - (7 + -7)) - -5?
12
Evaluate -5 - -8 - (-1 - (-6 + 14)).
12
Calculate 4 - (30 + -29 + (0 - -10)).
-7
What is -37 + 1 - (-16 - -6)?
-26
What is (-12 - (-15 - (-10 - -12))) + (4 - 5)?
4
What is the value of -11 - (1 - 6 - (-223 + 231))?
2
Calculate -179 - -173 - (-24 - 4).
22
Evaluate 21 - 31 - (-16 - (-9 - (-5 + 3))).
-1
Calculate -276 + 276 - (1 + 7).
-8
14 + (9 - 24 - 11)
-12
What is the value of 14 - 25 - (-6 + (-6 - -4))?
-3
Calculate (13 + -7 - 3) + -3.
0
27 - 32 - (-20 + 2)
13
0 + 13 - (-12 + 26)
-1
What is the value of 10 - ((-15 - -28) + -7) - 12?
-8
What is the value of 0 + (0 + -7 - -16) - 10?
-1
(-8 - (-1 + 12 + 50 + -55)) + -2
-16
-7 + 1 + (-5 - -3) + -1
-9
What is the value of (34 - 16) + -5 - (0 + 1)?
12
(14 - (6 + 13)) + (7 - (7 - 2))
-3
Calculate 0 + (10 - 8) + -4 + 12.
10
Evaluate -14 + -6 + 15 + (-1 - 1) + 28.
21
What is the value of 6 + -8 - (15 + (-2 - 20))?
5
What is 7 - ((13 - 27) + 15)?
6
0 + 1 + (-1021 - -1028)
8
5 + (6 - (19 - 16)) - (1 - 12)
19
4 - ((7 - -11) + -8 - 33)
27
(25 - (19 + 14)) + (5 - (1 - -1))
-5
-2 + 10 - (5 + -16 + 9 - 14)
24
What is (-134 - -119) + 19 + 3?
7
Calculate 0 - -4 - (25 - (11 - -22)).
12
Evaluate (-7 - (-7 - -9)) + 6 + 12 + -41.
-32
Calculate -78 - -39 - -20 - -31.
12
Evaluate -4 + -2 - (-5 + 11 - 8).
-4
What is (8 - ((-3 - 1) + 4)) + -91 + 87?
4
Calculate 71 - 102 - (-25 - 16).
10
4 + (2 - 2 - (-16 + 22)) + -2
-4
Evaluate -5 + 1 + 0 - (-21 + 22 + -21).
16
Calculate 13 + (4 - -2 - 26).
-7
-8 + (4 - (-3 + -5 + 8))
-4
12 - 33 - -9 - -7
-5
What is 1 - (1 - 11) - (-55 + 40 - -21)?
5
What is the value of 4 + -4 - -8 - (-10 - -13)?
5
What is the value of -2 + 6 - (41 + -2 + -2) - -9?
-24
Evaluate -2 + 0 - (4 + (2 - 8) + 5).
-5
What is (-7 - -1 - (-13 + -12)) + (6 - 8)?
17
What is the value of 27 + (-1 - (-36 - -28))?
34
What is the value of (-6 + 3 - (15 + -5)) + 0 + 4?
-9
What is the value of -11 - -29 - (-7 - 0) - 10?
15
What is the value of 31 - (1 - (-7 + 7) - -7)?
23
Calculate 1 + 3 + 2 - (-15 + 39 + -27).
9
What is 5 - (16 - 11) - (10 + -1)?
-9
(14 + -5 - 41 - (-20 + 21)) + 4
-29
Calculate -8 + -5 + 12 + 13.
12
What is the value of 10 + 16 + -1 + 1?
26
What is the value of -4 - (10 - 12) - (-2 - -6 - 5)?
-1
What is 3 + (-5 - -21) - (8 - 1)?
12
Evaluate -2 + -1 + 0 + (24 - 0) + -9.
12
What is the value of -23 - (-8 + -3 + (-17 - -21 - -2))?
-18
What is -21 - (-19 + 0 + -14)?
12
-31 - -38 - 28 - (6 - (2 - 0))
-25
Calculate 45 - (14 + -18) - 34.
15
Evaluate -14 - (-5 - (-10 + (13 - 6)) - 2).
-10
15 + 39 - (36 - 13)
31
What is the value of -824 + 791 + 0 + 6?
-27
Calculate -13 - ((11 + -2 - 4) + -7).
-11
Calculate 30 + -5 + -10 + (2 + 7 - 3).
21
What is 0 + (-20 - -29 - (3 + -1 + 1))?
6
(2 - -2 - (0 - -13)) + 7 + 14
12
Calculate (-16 - -15) + -5 + -12.
-18
What is 1 - -45 - (202 + -179)?
23
What is -843 + 864 - (-1 - -24)?
-2
What is the value of -15 + (11 - (34 - 15))?
-23
-11 + -3 + -6 + 38
18
What is the value of 9 + -5 - 16 - -7?
-5
-1 + -4 + (-39 - -54) - (1 - -43)
-34
10 + (14 - 18) + (5 - (-17 - -2))
26
Calculate 12 + -21 + -1 + 10 + 1.
1
What is -3 + 10 + (-3 - -32) + (-32 - -26)?
30
Calculate (3 + 2 - -17) + -10.
12
What is the value of -12 + 21 + -3 + -3?
3
What is the value of 2 + 12 + (-10 - 10 - -31)?
25
16 - (18 - 10) - (9 - 3)
2
What is the value of -8 - (-4 - (4 - 22))?
-22
What is the value of -17 - (-27 - (15 - 22) - -10)?
-7
Evaluate 4 - (0 + -7) - 17.
-6
-5 - (-11 + -3 + 4)
5
What is the value of -23 + 8 - -10 - 13 - 0?
-18
-249 + 222 - (2 + -30)
1
What is the value of 3 + 1 + -4 + -12 - -2?
-10
Evaluate (27 - -16) + -34 + (-2 + 1 - -7).
15
What is 4 + 7 + -16 + -4 + 9 + -7?
-7
What is 0 - -6 - (0 + (12 - 3))?
-3
What is (4 - 0) + 2 + -3 - 13?
-10
Evaluate -2 + 0 + (1 - 2) - (-6 + -1).
4
What is the value of (-3 - (0 + -4 + 7)) + (27 - 26)?
-5
What is -7 - ((-3 - -2) + -8 + 2)?
0
Evaluate (3 + 9 - 4) + (1 - 2) + 9.
16
What is -7 + 12 + -14 + 22?
13
Calculate 17 - ((19 - 10) + 7).
1
What is the value of 3 + 3 + -4 + 12 + -7 + -21?
-14
What is 3 + (-1 - 7 - (-26 - (-47 + 17)))?
-9
Evaluate (9 - 2) + (206 - 205).
8
What is the value of -11 - (-2 - (-1 + (6 - 2)))?
-6
What is 29 + -33 - ((4 - -30 - 5) + 0)?
-33
Evaluate 0 + -8 + -1 - (-34 + 5 - -5).
15
What is the value of -2 - (2 - 0) - (-29 + 37 + -10)?
-2
What is 25 + 3 + 0 + -15?
13
What is -12 + 7 - -1 - -7 - -19?
22
Evaluate 8 + -5 + -7 - (-5 - 13).
14
Evaluate (20 - 21 - (7 + 0)) + 10 + -8.
-6
What is the value of (-25 - (12 - 18)) + 10?
-9
What is (15 + -38 - -27 - -11) + 7 + 0?
22
-1 + 2 + (-5 - 0 - 0) - -10
6
Evaluate (3 - (-8 + (7 - -3))) + -9.
-8
Calculate 0 - 15 - (-22 - -2).
5
Calculate -12 + (-13 + 35 - 3) - -3.
10
Calculate (0 - 3) + 5 + -6 + 6 + -5.
-3
What is the value of -11 - ((6 - (-2 + 6 + -5)) + -3)?
-15
-15 + -45 + -12 + 42
-30
Calculate 9 + -17 - 24 - (7 + -20).
-19
Evaluate (-4 - -9) + -1 - (-15 - (-14 + -1)).
4
Evaluate 9 + (-22 - (-12 - -4)).
-5
What is (-19 + 4 - -3) + (-20 - -13)?
-19
What is 30 + -90 + 42 - (-8 - 1)?
-9
What is -6 + (-3 - ((-3 - -14) + -10)) - 19?
-29
Calculate 26 + (-19 - (15 + -8) - -13).
13
What is the value of (10 - (45 + -38)) + (-1 - -15)?
17
What is 10 + -2 + (-5 - -4)?
7
Evaluate 0 + -5 + 29 + (-59 - -31).
-4
Calculate 6 - (-11 - (-19 + -3)).
-5
Calculate (0 - 16) + (646 - 617).
13
-18 + (-3 - 3) + 17
-7
Evaluate (-12 - (-36 + 21)) + 1.
4
Evaluate (-1 - 1) + -16 + 1076 + -1052.
6
What is the value of -17 + (-5 - (-11 + (-3 - (-16 + 4))))?
-20
What is -4 + (-16 - -16) + 1 + 6 + 2?
5
What is -10 + 10 - 8 - -11?
3
-1 + -6 + (-13 + 3 - -20)
3
Evaluate -16 + (12 - (19 + -28)).
5
Evaluate -20 + -49 + 75 + -38.
-32
Calculate -5 - ((4 - (6 + 0)) + 3).
-6
Evaluate -5 + ((-8 - -12) + 2 - -3) + 7.
11
Calculate -8 + 0 - (2 + -26).
16
Calculate 6 + 9 + 4 - 13.
6
What is the value of -138 - -146 - (-3 + 0 + (3 - 18))?
26
(12 - (5 - (3 - (0 - -4)))) + -11
-5
(-392 - -420 - (-1 + 16)) + 1 + 2
16
What is the value of -5 - (-5 - -16 - -9 - 1)?
-24
Evaluate -6 + (-5 - ((-9 - -7 - 9) + -3)).
3
Evaluate 7 + (9 - 8) - (-2 - -1).
9
-8 + 10 + (-6 - -27)
23
18 + 13 + -44 - 12
-25
(-258 - -287) + (-28 - -3)
4
What is the value of -2 + 9 + -5 + -3?
-1
What is 77 + -62 - (16 - 2)?
1
Calculate (8 - (1 + (-8 - -6))) + 1 + 5.
15
What is 1 - 5 - -17 - (6 + 1)?
6
2 - 17 - (-1 + 13 + -22 + 4)
-9
Evaluate 9 + 0 - (11 - (-29 - -9)) - 8.
-30
-6 + 0 - (-1 - -12 - 12) - 8
-13
What is the value of -18 + -3 + 11 + 12 - 8?
-6
What is 13 - 20 - (0 + 3) - (-64 - -93)?
-39
Calculate (29 - (-6 - -26)) + 1.
10
What is 1524 + -1570 + 11 + 1?
-34
(-11 - (-5 + 1)) + 0 + -5
-12
Evaluate 15 - ((-17 - -36) + -10).
6
What is 20 + (1 - 2) + -19?
0
What is the value of -18 + 9 - (4 - (2 - 1))?
-12
Calculate (-19 - 0) + 1 + (-17 - -116 - 98).
-17
Calculate 0 + 3 + -125 + 126 - -16.
20
Evaluate -7 - (10 + 12 + 9).
-38
What is (-9 - 8) + (-3 - (-1 - 0)) + 5?
-14
What is -6 + (-4 - 25) - -46?
11
What is 34 - (19 - 16 - -19)?
12
What is (1 - ((1 - 3) + 3)) + -1 + 0?
-1
What is the value of -11 - (-12 - (1 + 0) - 4)?
6